{"id":85,"date":"2023-08-02T11:13:55","date_gmt":"2023-08-02T11:13:55","guid":{"rendered":"http:\/\/www.dabrowskazarzadzanie.pl\/?page_id=85"},"modified":"2025-07-22T09:53:13","modified_gmt":"2025-07-22T09:53:13","slug":"strona-glowna","status":"publish","type":"page","link":"https:\/\/www.dabrowskazarzadzanie.pl\/","title":{"rendered":"STRONA G\u0141\u00d3WNA"},"content":{"rendered":"\n<div class=\"wp-block-columns alignfull is-layout-flex wp-container-core-columns-is-layout-9d6595d7 wp-block-columns-is-layout-flex\">\n<div class=\"wp-block-column is-layout-flow wp-block-column-is-layout-flow\" style=\"flex-basis:100%\">\n<div class=\"wp-block-cover alignfull is-light has-custom-content-position is-position-top-left\" style=\"min-height:329px;aspect-ratio:unset;\"><img fetchpriority=\"high\" decoding=\"async\" width=\"2560\" height=\"1549\" class=\"wp-block-cover__image-background wp-image-86\" alt=\"\" src=\"http:\/\/www.dabrowskazarzadzanie.pl\/wp-content\/uploads\/2023\/08\/pexels-timur-saglambilek-87223-scaled.jpg\" data-object-fit=\"cover\" srcset=\"https:\/\/www.dabrowskazarzadzanie.pl\/wp-content\/uploads\/2023\/08\/pexels-timur-saglambilek-87223-scaled.jpg 2560w, https:\/\/www.dabrowskazarzadzanie.pl\/wp-content\/uploads\/2023\/08\/pexels-timur-saglambilek-87223-300x182.jpg 300w, https:\/\/www.dabrowskazarzadzanie.pl\/wp-content\/uploads\/2023\/08\/pexels-timur-saglambilek-87223-1024x620.jpg 1024w, https:\/\/www.dabrowskazarzadzanie.pl\/wp-content\/uploads\/2023\/08\/pexels-timur-saglambilek-87223-768x465.jpg 768w, https:\/\/www.dabrowskazarzadzanie.pl\/wp-content\/uploads\/2023\/08\/pexels-timur-saglambilek-87223-1536x929.jpg 1536w, https:\/\/www.dabrowskazarzadzanie.pl\/wp-content\/uploads\/2023\/08\/pexels-timur-saglambilek-87223-2048x1239.jpg 2048w, https:\/\/www.dabrowskazarzadzanie.pl\/wp-content\/uploads\/2023\/08\/pexels-timur-saglambilek-87223-24x15.jpg 24w, https:\/\/www.dabrowskazarzadzanie.pl\/wp-content\/uploads\/2023\/08\/pexels-timur-saglambilek-87223-36x22.jpg 36w, https:\/\/www.dabrowskazarzadzanie.pl\/wp-content\/uploads\/2023\/08\/pexels-timur-saglambilek-87223-48x29.jpg 48w\" sizes=\"(max-width: 2560px) 100vw, 2560px\" \/><span aria-hidden=\"true\" class=\"wp-block-cover__background has-background-dim\"><\/span><div class=\"wp-block-cover__inner-container is-layout-flow wp-block-cover-is-layout-flow\">\n<p><\/p>\n<\/div><\/div>\n\n\n\n<div class=\"wp-block-group is-layout-constrained wp-block-group-is-layout-constrained\">\n<p>.<\/p>\n\n\n\n<p class=\"has-text-align-center\"><\/p>\n\n\n\n<p>.<\/p>\n\n\n\n<p class=\"has-text-align-center\"><\/p>\n\n\n\n<p>.<\/p>\n<\/div>\n\n\n\n<div class=\"wp-block-group is-layout-constrained wp-block-group-is-layout-constrained\">\n<h3 class=\"wp-block-heading has-text-align-center\"><mark style=\"background-color:rgba(0, 0, 0, 0)\" class=\"has-inline-color has-vivid-red-color\"><strong><em>STRYCH DO SPRZEDANIA: <\/em><\/strong><\/mark><\/h3>\n\n\n\n<p><mark style=\"background-color:rgba(0, 0, 0, 0)\" class=\"has-inline-color has-vivid-red-color\">Wsp\u00f3lnota Mieszkaniowa Pi\u0142sudskiego 16 w Brzegu sprzeda powierzchni\u0119 strych\u00f3w do adaptacji &#8211; wi\u0119cej informacji w przetargach. <\/mark><\/p>\n\n\n\n<p><mark style=\"background-color:rgba(0, 0, 0, 0)\" class=\"has-inline-color has-white-color\">__<\/mark><\/p>\n<\/div>\n<\/div>\n\n\n\n<div class=\"wp-block-column is-layout-flow wp-block-column-is-layout-flow\"><\/div>\n\n\n\n<div class=\"wp-block-column is-layout-flow wp-block-column-is-layout-flow\" style=\"flex-basis:100%\">\n<div class=\"wp-block-group is-layout-constrained wp-block-group-is-layout-constrained\">\n<p>ul. D\u0142uga 43, II pi\u0119tro, 49-300 Brzeg<\/p>\n\n\n\n<figure class=\"wp-block-table is-style-stripes\"><table><tbody><tr><td><strong><mark style=\"background-color:rgba(0, 0, 0, 0)\" class=\"has-inline-color has-black-color\">Dzia\u0142 Techniczny<\/mark><\/strong><\/td><td><mark style=\"background-color:rgba(0, 0, 0, 0)\" class=\"has-inline-color has-black-color\">\u260e  77&nbsp;416 51 94     <\/mark>       <\/td><\/tr><tr><td> \u2709 <a href=\"mailto:zarzadzaniedabrowska@wp.pl\">zarzadzaniedabrowska@wp.pl<\/a><\/td><td><mark style=\"background-color:rgba(0, 0, 0, 0)\" class=\"has-inline-color has-black-color\">\u260e  730 884 584<\/mark><\/td><\/tr><tr><td>&nbsp;<\/td><td><\/td><\/tr><tr><td><strong><mark style=\"background-color:rgba(0, 0, 0, 0)\" class=\"has-inline-color has-black-color\">Ksi\u0119gowo\u015b\u0107<\/mark><\/strong><\/td><td><mark style=\"background-color:rgba(0, 0, 0, 0)\" class=\"has-inline-color has-black-color\">\u260e 77&nbsp;416 30 18<\/mark><\/td><\/tr><tr><td><mark style=\"background-color:rgba(0, 0, 0, 0)\" class=\"has-inline-color has-black-color\">\u2709 ksiegowoscdabrowska@wp.pl<\/mark><\/td><td><\/td><\/tr><tr><td>&nbsp;<\/td><td><\/td><\/tr><tr><td><strong>Pogotowie mieszkaniowe <\/strong><\/td><td><mark style=\"background-color:rgba(0, 0, 0, 0)\" class=\"has-inline-color has-black-color\">\u260e  <strong>788 719 197<\/strong><\/mark><\/td><\/tr><tr><td><mark style=\"background-color:rgba(0, 0, 0, 0)\" class=\"has-inline-color has-black-color\">Pogotowie gazowe<\/mark><\/td><td><mark style=\"background-color:rgba(0, 0, 0, 0)\" class=\"has-inline-color has-black-color\">\u260e 992<\/mark><\/td><\/tr><tr><td><mark style=\"background-color:rgba(0, 0, 0, 0)\" class=\"has-inline-color has-black-color\">Pogotowie wodoci\u0105gowe<\/mark><\/td><td><mark style=\"background-color:rgba(0, 0, 0, 0)\" class=\"has-inline-color has-black-color\">\u260e 994<\/mark><\/td><\/tr><tr><td><mark style=\"background-color:rgba(0, 0, 0, 0)\" class=\"has-inline-color has-black-color\">Pogotowie energetyczne<\/mark><\/td><td><mark style=\"background-color:rgba(0, 0, 0, 0)\" class=\"has-inline-color has-black-color\">\u260e 991<\/mark><\/td><\/tr><tr><td><mark style=\"background-color:rgba(0, 0, 0, 0)\" class=\"has-inline-color has-black-color\">Pogotowie ciep\u0142ownicze<\/mark><\/td><td><mark style=\"background-color:rgba(0, 0, 0, 0)\" class=\"has-inline-color has-black-color\">\u260e 512 247 885<\/mark><\/td><\/tr><\/tbody><\/table><\/figure>\n\n\n\n<div class=\"wp-block-columns is-layout-flex wp-container-core-columns-is-layout-9d6595d7 wp-block-columns-is-layout-flex\">\n<div class=\"wp-block-column is-layout-flow wp-block-column-is-layout-flow\" style=\"flex-basis:100%\">\n<div class=\"wp-block-columns is-layout-flex wp-container-core-columns-is-layout-9d6595d7 wp-block-columns-is-layout-flex\">\n<div class=\"wp-block-column is-layout-flow wp-block-column-is-layout-flow\" style=\"flex-basis:100%\">\n<div class=\"wp-block-columns is-layout-flex wp-container-core-columns-is-layout-9d6595d7 wp-block-columns-is-layout-flex\">\n<div class=\"wp-block-column is-layout-flow wp-block-column-is-layout-flow\" style=\"flex-basis:100%\">\n<figure class=\"wp-block-table is-style-stripes\"><table><tbody><tr><td><mark style=\"background-color:rgba(0, 0, 0, 0)\" class=\"has-inline-color has-black-color\"><strong>Zg\u0142oszenie awarii:<\/strong>     <\/mark>   <\/td><td><\/td><\/tr><tr><td><mark style=\"background-color:rgba(0, 0, 0, 0)\" class=\"has-inline-color has-black-color\">w godzinach pracy<\/mark>                                   <\/td><td><mark style=\"background-color:rgba(0, 0, 0, 0)\" class=\"has-inline-color has-black-color\">\u260e  77&nbsp;416 51 94<\/mark><\/td><\/tr><tr><td><mark style=\"background-color:rgba(0, 0, 0, 0)\" class=\"has-inline-color has-black-color\">po godzinach pracy <\/mark><\/td><td><mark style=\"background-color:rgba(0, 0, 0, 0)\" class=\"has-inline-color has-black-color\">\u260e  788 719 197<\/mark>                                                                              <\/td><\/tr><tr><td>&nbsp;<\/td><td><\/td><\/tr><tr><td>&nbsp;<strong><u>Godziny pracy:<\/u><\/strong><\/td><td><\/td><\/tr><tr><td><strong>Poniedzia\u0142ek<\/strong>                                                                                                                                                                      <\/td><td><strong>7.00 &#8211; 15.15<\/strong><\/td><\/tr><tr><td><strong>Wtorek<\/strong>                               <\/td><td><strong>7.00 &#8211; 15.15<\/strong><\/td><\/tr><tr><td><strong>\u015aroda<\/strong>                                   <\/td><td><strong>7.00 &#8211; 15.15<\/strong><\/td><\/tr><tr><td><strong>Czwartek<\/strong>                            <\/td><td><strong>7.00 &#8211; 15.15<\/strong><\/td><\/tr><tr><td><strong>Pi\u0105tek<\/strong>                                 <\/td><td><strong>7.00 &#8211; 14.00<\/strong><\/td><\/tr><tr><td><\/td><td>&nbsp;<\/td><\/tr><tr><td><\/td><td><\/td><\/tr><\/tbody><\/table><\/figure>\n<\/div>\n<\/div>\n<\/div>\n<\/div>\n<\/div>\n<\/div>\n<\/div>\n<\/div>\n<\/div>\n\n\n\n<h2 class=\"wp-block-heading\"><img decoding=\"async\" width=\"150\" height=\"113\" class=\"wp-image-347\" style=\"width: 150px;\" src=\"http:\/\/www.dabrowskazarzadzanie.pl\/wp-content\/uploads\/2023\/08\/pexels-energepiccom-175039-scaled.jpg\" alt=\"\" srcset=\"https:\/\/www.dabrowskazarzadzanie.pl\/wp-content\/uploads\/2023\/08\/pexels-energepiccom-175039-scaled.jpg 2560w, https:\/\/www.dabrowskazarzadzanie.pl\/wp-content\/uploads\/2023\/08\/pexels-energepiccom-175039-300x225.jpg 300w, https:\/\/www.dabrowskazarzadzanie.pl\/wp-content\/uploads\/2023\/08\/pexels-energepiccom-175039-1024x768.jpg 1024w, https:\/\/www.dabrowskazarzadzanie.pl\/wp-content\/uploads\/2023\/08\/pexels-energepiccom-175039-768x576.jpg 768w, https:\/\/www.dabrowskazarzadzanie.pl\/wp-content\/uploads\/2023\/08\/pexels-energepiccom-175039-1536x1152.jpg 1536w, https:\/\/www.dabrowskazarzadzanie.pl\/wp-content\/uploads\/2023\/08\/pexels-energepiccom-175039-2048x1536.jpg 2048w, https:\/\/www.dabrowskazarzadzanie.pl\/wp-content\/uploads\/2023\/08\/pexels-energepiccom-175039-24x18.jpg 24w, https:\/\/www.dabrowskazarzadzanie.pl\/wp-content\/uploads\/2023\/08\/pexels-energepiccom-175039-36x27.jpg 36w, https:\/\/www.dabrowskazarzadzanie.pl\/wp-content\/uploads\/2023\/08\/pexels-energepiccom-175039-48x36.jpg 48w\" sizes=\"(max-width: 150px) 100vw, 150px\" \/><a href=\"http:\/\/www.dabrowskazarzadzanie.pl\/?page_id=177\"><mark style=\"background-color:rgba(0, 0, 0, 0)\" class=\"has-inline-color has-vivid-red-color\">PRZETARGI<\/mark> <\/a><\/h2>\n\n\n\n<p><\/p>\n\n\n\n<p><\/p>\n\n\n\n<p><\/p>\n\n\n\n<p><\/p>\n\n\n\n<p><\/p>\n\n\n\n<p><\/p>\n\n\n\n<p class=\"has-text-align-right\"><a href=\"http:\/\/www.dabrowskazarzadzanie.pl\/?page_id=303\"><sup><mark style=\"background-color:rgba(0, 0, 0, 0)\" class=\"has-inline-color has-cyan-bluish-gray-color\">Polityka prywatno\u015bci<\/mark><\/sup><\/a><\/p>\n","protected":false},"excerpt":{"rendered":"<p>. . . STRYCH DO SPRZEDANIA: Wsp\u00f3lnota Mieszkaniowa Pi\u0142sudskiego 16 w Brzegu sprzeda powierzchni\u0119 strych\u00f3w do adaptacji &#8211; wi\u0119cej informacji w przetargach. __ ul. D\u0142uga 43, II pi\u0119tro, 49-300 Brzeg Dzia\u0142 Techniczny \u260e 77&nbsp;416 51 94 \u2709 zarzadzaniedabrowska@wp.pl \u260e 730 884 584 &nbsp; Ksi\u0119gowo\u015b\u0107 \u260e 77&nbsp;416 30 18 \u2709 ksiegowoscdabrowska@wp.pl &nbsp; Pogotowie mieszkaniowe \u260e 788 [&hellip;]<\/p>\n","protected":false},"author":1,"featured_media":0,"parent":0,"menu_order":0,"comment_status":"closed","ping_status":"closed","template":"","meta":{"footnotes":""},"class_list":["post-85","page","type-page","status-publish","hentry"],"_links":{"self":[{"href":"https:\/\/www.dabrowskazarzadzanie.pl\/index.php?rest_route=\/wp\/v2\/pages\/85","targetHints":{"allow":["GET"]}}],"collection":[{"href":"https:\/\/www.dabrowskazarzadzanie.pl\/index.php?rest_route=\/wp\/v2\/pages"}],"about":[{"href":"https:\/\/www.dabrowskazarzadzanie.pl\/index.php?rest_route=\/wp\/v2\/types\/page"}],"author":[{"embeddable":true,"href":"https:\/\/www.dabrowskazarzadzanie.pl\/index.php?rest_route=\/wp\/v2\/users\/1"}],"replies":[{"embeddable":true,"href":"https:\/\/www.dabrowskazarzadzanie.pl\/index.php?rest_route=%2Fwp%2Fv2%2Fcomments&post=85"}],"version-history":[{"count":61,"href":"https:\/\/www.dabrowskazarzadzanie.pl\/index.php?rest_route=\/wp\/v2\/pages\/85\/revisions"}],"predecessor-version":[{"id":458,"href":"https:\/\/www.dabrowskazarzadzanie.pl\/index.php?rest_route=\/wp\/v2\/pages\/85\/revisions\/458"}],"wp:attachment":[{"href":"https:\/\/www.dabrowskazarzadzanie.pl\/index.php?rest_route=%2Fwp%2Fv2%2Fmedia&parent=85"}],"curies":[{"name":"wp","href":"https:\/\/api.w.org\/{rel}","templated":true}]}}